is -2 - -31301211?
31301203
In base 2, what is 1001100 - 11000011011?
-10111001111
In base 12, what is -4 - -9933?
992b
In base 8, what is -1517055 - 0?
-1517055
In base 16, what is -93 - -4a0c?
4979
In base 2, what is -1000 + -1000111011111?
-1000111100111
In base 9, what is 6838 - -44?
6883
In base 9, what is -47 - -55?
7
In base 13, what is 31605 + -4?
31601
In base 10, what is 5 - 96761?
-96756
In base 2, what is -10001 + 100101100110011?
100101100100010
In base 12, what is -1 + -1b08a?
-1b08b
In base 6, what is -1030014 - 10?
-1030024
In base 10, what is -2 - 32048?
-32050
In base 3, what is -222202102200 - 0?
-222202102200
In base 15, what is -5 - 50928?
-5092d
In base 11, what is -21335 + -5?
-2133a
In base 15, what is -a + -1bc0?
-1bca
In base 5, what is -41200 - 2113?
-43313
In base 7, what is 20 + -251024?
-251004
In base 7, what is -1033306 - -2?
-1033304
In base 2, what is -100111 - 100101?
-1001100
In base 15, what is 1695 - 64?
1631
In base 12, what is -6bb8 - 15?
-7011
In base 10, what is -44282 - 2?
-44284
In base 2, what is 1000010 - 11111000010?
-11110000000
In base 13, what is 12 + -7412?
-7400
In base 8, what is -1236 - -42?
-1174
In base 15, what is -16955 + 1b?
-16939
In base 2, what is -111110001000 + -100?
-111110001100
In base 15, what is -64 - -4a0?
43b
In base 11, what is 12618 - 8?
12610
In base 13, what is -2a9 + -94?
-370
In base 4, what is -100 - 131232?
-131332
In base 9, what is 1520603 + -4?
1520588
In base 10, what is -738735 + 1?
-738734
In base 14, what is 5 - 24875?
-24870
In base 16, what is 1 + 18?
19
In base 4, what is 23202 + 22000?
111202
In base 8, what is -7104 - 6?
-7112
In base 3, what is 200121101 - 10?
200121021
In base 12, what is -9b + -a7b?
-b5a
In base 12, what is -1667a6 + 0?
-1667a6
In base 11, what is 126 - 2419?
-22a3
In base 5, what is 3100 - 3444?
-344
In base 14, what is 5c - -448?
4a6
In base 2, what is -10 + 1010111001111?
1010111001101
In base 4, what is -2030 + 2120010?
2111320
In base 9, what is -1861468 - 2?
-1861471
In base 10, what is 0 + -519464?
-519464
In base 5, what is 10 - 220411?
-220401
In base 2, what is -110000111 + -1100111?
-111101110
In base 8, what is -25766 + 0?
-25766
In base 10, what is -77 - 14692?
-14769
In base 10, what is 300 - 3750?
-3450
In base 15, what is -130 + 46?
-d9
In base 10, what is 25 + -9773?
-9748
In base 7, what is -11612 - 4?
-11616
In base 11, what is 38 - 4a2?
-465
In base 16, what is -4de1 + 18?
-4dc9
In base 15, what is 11d + 1a8?
2c6
In base 6, what is -14312 - 150?
-14502
In base 10, what is 5 - 18907?
-18902
In base 5, what is -4 + -23330300?
-23330304
In base 5, what is -140114 - 1204?
-141323
In base 9, what is 203341 + 6?
203347
In base 15, what is -b + -440c?
-4418
In base 16, what is 19 - 1325?
-130c
In base 9, what is -108725 - 3?
-108728
In base 12, what is 4 - 1b623?
-1b61b
In base 4, what is 211 - -213311?
220122
In base 12, what is 3 + -160b?
-1608
In base 2, what is 10011101000100001 - 1111?
10011101000010010
In base 8, what is 27 + 37665?
37714
In base 9, what is 1281 - 1118?
162
In base 10, what is 10 - -606632?
606642
In base 13, what is 372c + -1?
372b
In base 5, what is 14 + -2001?
-1432
In base 6, what is 10415 - 3213?
3202
In base 10, what is 606 - 37?
569
In base 11, what is 1a + 13a?
159
In base 10, what is -4 + 2794?
2790
In base 7, what is 5340 + 1?
5341
In base 6, what is 244511 + -2?
244505
In base 14, what is -a - d0c1?
-d0cb
In base 12, what is -61b106 + -1?
-61b107
In base 13, what is 3b8b - -3?
3b91
In base 10, what is -87861 - 15?
-87876
In base 16, what is -4d07 - 4?
-4d0b
In base 7, what is 1203 - 142?
1031
In base 14, what is -50 + 2417?
23a7
In base 16, what is -77e - 23?
-7a1
In base 14, what is -264c + 6?
-2646
In base 10, what is 17816 - -55?
17871
In base 10, what is -813 + -2?
-815
In base 4, what is 3 + 332210313?
332210322
In base 2, what is 10011001110000 + -100?
10011001101100
In base 11, what is 896 + -243?
653
In base 5, what is -2221 + -23?
-2244
In base 16, what is -f12 + c?
-f06
In base 3, what is -1022021 - 21002?
-1120100
In base 14, what is -22 + 67d8?
67b6
In base 16, what is -2460d8 - 4?
-2460dc
In base 12, what is -38a17 + -a?
-38a25
In base 16, what is -18fd - -14?
-18e9
In base 8, what is -11 + 1200?
1167
In base 10, what is -4 - 16529?
-16533
In base 6, what is -12000 - 3?
-12003
In base 10, what is 26180 + 53?
26233
In base 6, what is -114401 + 112?
-114245
In base 15, what is -3521 + 1?
-3520
In base 10, what is 9339 - -8?
9347
In base 4, what is -222012023 - -11?
-222012012
In base 6, what is 2 - 44210?
-44204
In base 14, what is 92d3 + 6?
92d9
In base 2, what is -1101101 + -11100100011?
-11110010000
In base 11, what is 681 - -15?
696
In base 11, what is 3351 + -4?
3348
In base 16, what is -1031a - 13?
-1032d
In base 10, what is 862 - -282?
1144
In base 4, what is 122110222 + 122?
122111010
In base 2, what is 1101 + -1101000110?
-1100111001
In base 2, what is -110010001100 - -1000001?
-110001001011
In base 3, what is -21 + 1221122220?
1221122122
In base 7, what is 5 + 2122?
2130
In base 8, what is 624 + 136?
762
In base 15, what is 268 - -a8?
321
In base 5, what is -143434 + 14?
-143420
In base 11, what is 244 + 38?
281
In base 9, what is 368 - 58?
310
In base 7, what is -104053 + -3?
-104056
In base 9, what is 863 - -12255?
13228
In base 12, what is 3544 + 6?
354a
In base 3, what is -221122202020 + -2?
-221122202022
In base 15, what is -2 + 4c5d?
4c5b
In base 15, what is 57ba - -5?
57c0
In base 7, what is -331332 - -1?
-331331
In base 6, what is -122 + -25?
-151
In base 7, what is 1 + -346341?
-346340
In base 14, what is -1b045 + -1?
-1b046
In base 8, what is -13461 - -153?
-13306
In base 9, what is -3 + -26122?
-26125
In base 9, what is -11325 + 4?
-11321
In base 9, what is -77 + 323?
235
In base 5, what is 3 - -21434442?
21440000
In base 14, what is -4 + 81c5?
81c1
In base 9, what is 5 - -18186?
18202
In base 10, what is 25702 + -3?
25699
In base 13, what is -21 + 41a87?
41a66
In base 4, what is -1033 - -110103?
103010
In base 7, what is -11 + 3134?
3123
In base 2, what is -1000 - 1010010110001111?
-1010010110010111
In base 6, what is 10 - -351245?
351255
In base 8, what is 26 + -2424?
-2376
In base 6, what is -22 + 5032?
5010
In base 14, what is -155dd - -5?
-155d8
In base 8, what is 5630 + -13?
5615
In base 10, what is 550 - -2?
552
In base 16, what is 17 + -1125?
-110e
In base 11, what is -13970 + -110?
-13a80
In base 4, what is -11110010 - -22?
-11103322
In base 12, what is 5 - 1a9977?
-1a9972
In base 10, what is 70 + 141?
211
In base 2, what is 0 - -101101001001011011?
101101001001011011
In base 14, what is daaac + 2?
daab0
In base 13, what is 49 + 6338?
6384
In base 14, what is -1274 - 0?
-1274
In base 11, what is -299 - -8a?
-20a
In base 10, what is 14591 - -303?
14894
In base 5, what is -1 - 200012014?
-200012020
In base 2, what is 0 - -111001111110111?
111001111110111
In base 15, what is 10c05 + 3?
10c08
In base 11, what is 28 - 9a78?
-9a50
In base 6, what is -3 + 305544?
305541
In base 6, what is -30214 - 20?
-30234
In base 16, what is -f0ff - -b?
-f0f4
In base 7, what is 415 - -166?
614
In base 15, what is -464 - -14?
-450
In base 15, what is 2a + -c3?
-98
In base 10, what is 4 - 71419?
-71415
In base 9, what is -11 - 7016?
-7027
In base 7, what is 412122 - 0?
412122
In base 9, what is 15575 + 1?
15576
In base 12, what is 4b94b + 0?
4b94b
In base 2, what is 1000000010 + 1100100?
1001100110
In base 13, what is -2366b + -2?
-23670
In base 16, what is 1122b + 25?
11250
In base 12, what is -21775 - -9?
-21768
In base 4, what is -100233110 + -2?
-100233112
In base 3, what is 1001 + 110000?
111001
In base 4, what is 103 + -231333?
-231230
In base 10, what is -1 - 89080?
-89081
In base 8, what is 0 + 23610?
23610
In base 12, what is -8b1b3 - 1?
-8b1b4
In base 9, what is 1520 - -34?
1554
In base 15, what is 6d143 + -5?
6d13d
In base 12, what is -baab7 + -1?
-baab8
In base 10, what is -2 - -644903?
644901
In base 13, what is -853 + a98?
245
In base 6, what is -4525 - -124?
-4401
In base 13, what is -9 + 155a2?
15596
In base 15, what is 10a3c - 3?
10a39
In base 13, what is -395 - 3?
-398
In base 13, what is 198654 - 4?
198650
In base 12, what is 36a - a2a?
-680
In ba